{"id":17,"date":"2025-09-24T16:39:06","date_gmt":"2025-09-24T14:39:06","guid":{"rendered":"https:\/\/www.labuonanotizia.name\/?page_id=17"},"modified":"2025-09-24T16:39:06","modified_gmt":"2025-09-24T14:39:06","slug":"chi-sono","status":"publish","type":"page","link":"https:\/\/www.labuonanotizia.name\/index.php\/chi-sono\/","title":{"rendered":"Chi Sono"},"content":{"rendered":"\n<p>Come gi\u00e0 ho scritto sul mio sito &#8221; <a href=\"https:\/\/nididellimmacolata.com\/\"><em>I Nidi dell&#8217; Immacolata <\/em><\/a>&#8221;  mi definisco un padre sognatore in cammino.<\/p>\n\n\n\n<p>Padre, perch\u00e9 nonostante la separazione, cerco di esercitare la mia paternit\u00e0 come dono ricevuto e da custodire.<\/p>\n\n\n\n<p>Sognatore,  perch\u00e9 credo che non bisogna mai smettere di seguire quei sogni che possono renderci completi.<\/p>\n\n\n\n<p>In Cammino, perch\u00e9 la vita \u00e8 un percorso che sta a noi scegliere e sebbene si possono prendere direzioni sbagliate, prima o poi si raggiunger\u00e0 la meta.. se ci si ferma si muore senza assaporare la vita.<\/p>\n\n\n\n<div style=\"height:100px\" aria-hidden=\"true\" class=\"wp-block-spacer\"><\/div>\n\n\n\n<div class=\"wp-block-buttons is-content-justification-center is-layout-flex wp-container-core-buttons-is-layout-16018d1d wp-block-buttons-is-layout-flex\">\n<div class=\"wp-block-button is-style-outline is-style-outline--1\"><a class=\"wp-block-button__link wp-element-button\" href=\"https:\/\/www.labuonanotizia.name\/index.php\/2025\/09\/24\/intervista-a-don-luigi-maria-epicoco\/\">Torna alla Home Page<\/a><\/div>\n<\/div>\n\n\n\n<p> <\/p>\n","protected":false},"excerpt":{"rendered":"<p>Come gi\u00e0 ho scritto sul mio sito &#8221; I Nidi dell&#8217; Immacolata &#8221; mi definisco&hellip;<\/p>\n","protected":false},"author":1,"featured_media":18,"parent":0,"menu_order":0,"comment_status":"closed","ping_status":"closed","template":"","meta":{"footnotes":""},"class_list":["post-17","page","type-page","status-publish","has-post-thumbnail","hentry"],"_links":{"self":[{"href":"https:\/\/www.labuonanotizia.name\/index.php\/wp-json\/wp\/v2\/pages\/17","targetHints":{"allow":["GET"]}}],"collection":[{"href":"https:\/\/www.labuonanotizia.name\/index.php\/wp-json\/wp\/v2\/pages"}],"about":[{"href":"https:\/\/www.labuonanotizia.name\/index.php\/wp-json\/wp\/v2\/types\/page"}],"author":[{"embeddable":true,"href":"https:\/\/www.labuonanotizia.name\/index.php\/wp-json\/wp\/v2\/users\/1"}],"replies":[{"embeddable":true,"href":"https:\/\/www.labuonanotizia.name\/index.php\/wp-json\/wp\/v2\/comments?post=17"}],"version-history":[{"count":1,"href":"https:\/\/www.labuonanotizia.name\/index.php\/wp-json\/wp\/v2\/pages\/17\/revisions"}],"predecessor-version":[{"id":19,"href":"https:\/\/www.labuonanotizia.name\/index.php\/wp-json\/wp\/v2\/pages\/17\/revisions\/19"}],"wp:featuredmedia":[{"embeddable":true,"href":"https:\/\/www.labuonanotizia.name\/index.php\/wp-json\/wp\/v2\/media\/18"}],"wp:attachment":[{"href":"https:\/\/www.labuonanotizia.name\/index.php\/wp-json\/wp\/v2\/media?parent=17"}],"curies":[{"name":"wp","href":"https:\/\/api.w.org\/{rel}","templated":true}]}}